{"id":2305,"date":"2021-03-29T17:19:49","date_gmt":"2021-03-29T20:19:49","guid":{"rendered":"http:\/\/esteticaema.com\/site\/?post_type=product&#038;p=2305"},"modified":"2024-08-09T17:53:45","modified_gmt":"2024-08-09T20:53:45","slug":"microesferas-con-vitamina-c-en-gel-con-acido-hialuronico-x-50gr","status":"publish","type":"product","link":"https:\/\/esteticaema.com\/site\/producto\/microesferas-con-vitamina-c-en-gel-con-acido-hialuronico-x-50gr\/","title":{"rendered":"MICROESFERAS CON VITAMINA C EN GEL CON \u00c1CIDO HIALUR\u00d3NICO X 50 GR."},"content":{"rendered":"<p><strong>MICROESFERAS CON VITAMINA C EN GEL CON \u00c1CIDO HIALUR\u00d3NICO<br \/>\nGEL FACIAL<\/strong><\/p>\n<p>Piel resplandeciente y de color uniforme con la fuerza inigualable de la Vitamina C.<\/p>\n<p>Gel rico en Vitamina C formulado para impulsar la producci\u00f3n de col\u00e1geno, neutralizar radicales libres, emparejar el tono de la piel y mejorar su brillo y suavidad.<\/p>\n<p>Para todo tipo de piel<\/p>\n<p><strong>Resultados:<\/strong><br \/>\nMejora el brillo y la suavidad de la piel, reduce las l\u00edneas finas y las arrugas y restaura la flexibilidad de la piel. Hidrata y descongestiona.<\/p>\n<p><strong>Componentes:<\/strong><br \/>\nVitamina C: probado despigmentante no irritante, que reduce las l\u00edneas finas y las arrugas, minimiza el enrojecimiento y restaura la flexibilidad. Para lograr que mantenga toda su potencia es resguardada dentro de microc\u00e1psulas que permiten su liberaci\u00f3n por ruptura, luego de una leve fricci\u00f3n sobre la piel.<\/p>\n<p>Chamomilla, Cal\u00e9ndula y Aloe vera: mejoran la actividad descongestiva que la propia Vitamina C desarrolla.<\/p>\n<p>Extracto de Equisetum y p\u00e9ptidos de Col\u00e1geno: refuerzan la actividad estimulante del col\u00e1geno iniciada por el \u00c1cido Asc\u00f3rbico puro.<\/p>\n<p>Base gel rica en \u00c1cido Hialur\u00f3nico: hidrata instant\u00e1neamente la piel y le permite recibir en mejores condiciones los beneficios de sus numerosos componentes.<\/p>\n<p>Libre de Parabenos.<\/p>\n<p><strong>Modo de Uso:<\/strong><br \/>\nAplicar dos veces por d\u00eda sobre la piel limpia de cara, cuello y escote.<\/p>\n","protected":false},"excerpt":{"rendered":"<p>MICROESFERAS CON VITAMINA C EN GEL CON \u00c1CIDO HIALUR\u00d3NICO<br \/>\nGEL FACIAL<\/p>\n<p>Piel resplandeciente y de color uniforme con la fuerza inigualable de la Vitamina C.<\/p>\n<p>Gel rico en Vitamina C formulado para impulsar la producci\u00f3n de col\u00e1geno, neutralizar radicales libres, emparejar el tono de la piel y mejorar su brillo y suavidad.<\/p>\n<p><strong>Para todo tipo de piel <\/strong><\/p>\n<p><strong><u>Resultados:<\/u><\/strong><u> <\/u><br \/>\nMejora el brillo y la suavidad de la piel, reduce las l\u00edneas finas y las arrugas y restaura la flexibilidad de la piel. Hidrata y descongestiona.<\/p>\n<p><strong><u>Componentes:<\/u><\/strong><br \/>\n<strong>Vitamina C<\/strong>: probado despigmentante no irritante, que reduce las l\u00edneas finas y las arrugas, minimiza el enrojecimiento y restaura la flexibilidad. Para lograr que mantenga toda su potencia es resguardada dentro de microc\u00e1psulas que permiten su liberaci\u00f3n por ruptura, luego de una leve fricci\u00f3n sobre la piel.<\/p>\n<p><strong>Chamomilla, Cal\u00e9ndula y Aloe vera<\/strong>: mejoran la actividad descongestiva que la propia Vitamina C desarrolla.<\/p>\n<p><strong>Extracto de Equisetum y p\u00e9ptidos de Col\u00e1geno: <\/strong>refuerzan la actividad estimulante del col\u00e1geno iniciada por el \u00c1cido Asc\u00f3rbico puro.<\/p>\n<p><strong>Base gel rica en \u00c1cido Hialur\u00f3nico: <\/strong>hidrata instant\u00e1neamente la piel y le permite recibir en mejores condiciones los beneficios de sus numerosos componentes.<\/p>\n<p><strong>Libre de Parabenos.<\/strong><\/p>\n<p><strong><u>Modo de Uso<\/u><\/strong><strong><u>: <\/u><\/strong><br \/>\nAplicar dos veces por d\u00eda sobre la piel limpia de cara, cuello y escote.<\/p>\n<p>&nbsp;<\/p>\n","protected":false},"featured_media":2465,"comment_status":"open","ping_status":"closed","template":"","meta":[],"product_cat":[82],"product_tag":[],"class_list":{"0":"post-2305","1":"product","2":"type-product","3":"status-publish","4":"has-post-thumbnail","6":"product_cat-faciales","8":"first","9":"instock","10":"shipping-taxable","11":"purchasable","12":"product-type-simple"},"_links":{"self":[{"href":"https:\/\/esteticaema.com\/site\/wp-json\/wp\/v2\/product\/2305"}],"collection":[{"href":"https:\/\/esteticaema.com\/site\/wp-json\/wp\/v2\/product"}],"about":[{"href":"https:\/\/esteticaema.com\/site\/wp-json\/wp\/v2\/types\/product"}],"replies":[{"embeddable":true,"href":"https:\/\/esteticaema.com\/site\/wp-json\/wp\/v2\/comments?post=2305"}],"wp:featuredmedia":[{"embeddable":true,"href":"https:\/\/esteticaema.com\/site\/wp-json\/wp\/v2\/media\/2465"}],"wp:attachment":[{"href":"https:\/\/esteticaema.com\/site\/wp-json\/wp\/v2\/media?parent=2305"}],"wp:term":[{"taxonomy":"product_cat","embeddable":true,"href":"https:\/\/esteticaema.com\/site\/wp-json\/wp\/v2\/product_cat?post=2305"},{"taxonomy":"product_tag","embeddable":true,"href":"https:\/\/esteticaema.com\/site\/wp-json\/wp\/v2\/product_tag?post=2305"}],"curies":[{"name":"wp","href":"https:\/\/api.w.org\/{rel}","templated":true}]}}

MICROESFERAS CON VITAMINA C EN GEL CON ÁCIDO HIALURÓNICO X 50 GR.

<p><strong>MICROESFERAS CON VITAMINA C EN GEL CON ÁCIDO HIALURÓNICO<br />
GEL FACIAL</strong></p>
<p>Piel resplandeciente y de color uniforme con la fuerza inigualable de la Vitamina C.</p>
<p>Gel rico en Vitamina C formulado para impulsar la producción de colágeno, neutralizar radicales libres, emparejar el tono de la piel y mejorar su brillo y suavidad.</p>
<p>Para todo tipo de piel</p>
<p><strong>Resultados:</strong><br />
Mejora el brillo y la suavidad de la piel, reduce las líneas finas y las arrugas y restaura la flexibilidad de la piel. Hidrata y descongestiona.</p>
<p><strong>Componentes:</strong><br />
Vitamina C: probado despigmentante no irritante, que reduce las líneas finas y las arrugas, minimiza el enrojecimiento y restaura la flexibilidad. Para lograr que mantenga toda su potencia es resguardada dentro de microcápsulas que permiten su liberación por ruptura, luego de una leve fricción sobre la piel.</p>
<p>Chamomilla, Caléndula y Aloe vera: mejoran la actividad descongestiva que la propia Vitamina C desarrolla.</p>
<p>Extracto de Equisetum y péptidos de Colágeno: refuerzan la actividad estimulante del colágeno iniciada por el Ácido Ascórbico puro.</p>
<p>Base gel rica en Ácido Hialurónico: hidrata instantáneamente la piel y le permite recibir en mejores condiciones los beneficios de sus numerosos componentes.</p>
<p>Libre de Parabenos.</p>
<p><strong>Modo de Uso:</strong><br />
Aplicar dos veces por día sobre la piel limpia de cara, cuello y escote.</p>

<p>MICROESFERAS CON VITAMINA C EN GEL CON ÁCIDO HIALURÓNICO<br />
GEL FACIAL</p>
<p>Piel resplandeciente y de color uniforme con la fuerza inigualable de la Vitamina C.</p>
<p>Gel rico en Vitamina C formulado para impulsar la producción de colágeno, neutralizar radicales libres, emparejar el tono de la piel y mejorar su brillo y suavidad.</p>
<p><strong>Para todo tipo de piel </strong></p>
<p><strong><u>Resultados:</u></strong><u> </u><br />
Mejora el brillo y la suavidad de la piel, reduce las líneas finas y las arrugas y restaura la flexibilidad de la piel. Hidrata y descongestiona.</p>
<p><strong><u>Componentes:</u></strong><br />
<strong>Vitamina C</strong>: probado despigmentante no irritante, que reduce las líneas finas y las arrugas, minimiza el enrojecimiento y restaura la flexibilidad. Para lograr que mantenga toda su potencia es resguardada dentro de microcápsulas que permiten su liberación por ruptura, luego de una leve fricción sobre la piel.</p>
<p><strong>Chamomilla, Caléndula y Aloe vera</strong>: mejoran la actividad descongestiva que la propia Vitamina C desarrolla.</p>
<p><strong>Extracto de Equisetum y péptidos de Colágeno: </strong>refuerzan la actividad estimulante del colágeno iniciada por el Ácido Ascórbico puro.</p>
<p><strong>Base gel rica en Ácido Hialurónico: </strong>hidrata instantáneamente la piel y le permite recibir en mejores condiciones los beneficios de sus numerosos componentes.</p>
<p><strong>Libre de Parabenos.</strong></p>
<p><strong><u>Modo de Uso</u></strong><strong><u>: </u></strong><br />
Aplicar dos veces por día sobre la piel limpia de cara, cuello y escote.</p>
<p>&nbsp;</p>
