{"id":2271,"date":"2021-03-29T15:46:24","date_gmt":"2021-03-29T18:46:24","guid":{"rendered":"http:\/\/esteticaema.com\/site\/?post_type=product&#038;p=2271"},"modified":"2025-02-18T09:10:46","modified_gmt":"2025-02-18T12:10:46","slug":"biotic-balance-noche-x-30gr","status":"publish","type":"product","link":"https:\/\/esteticaema.com\/site\/producto\/biotic-balance-noche-x-30gr\/","title":{"rendered":"BIOTIC BALANCE NOCHE X 30 GR."},"content":{"rendered":"<p>Renovador, aclarante y protector.<\/p>\n<p><strong>Componentes:<\/strong><br \/>\nProbi\u00f3tico: lisado de bifidobacterias, incrementa la reparaci\u00f3n celular y mejora la respuesta inmune.<br \/>\nPrebi\u00f3tico: inulina, estimula el crecimiento de las bacterias beneficiosas para la piel, inhibiendo el desarrollo de bacterias oportunistas.<br \/>\nAmino\u00e1cidos de prote\u00ednas de yogurt: cumplen funci\u00f3n antioxidante y estimulante de la s\u00edntesis de col\u00e1geno.<br \/>\n\u00c1cido l\u00e1ctico: aclara la piel y acelera la descamaci\u00f3n del estrato c\u00f3rneo, estimulando su renovaci\u00f3n.<\/p>\n<p><strong>MODO DE USO:<\/strong><br \/>\nAplicar todas las noches sobre la piel limpia de la cara, papada, cuello y escote.<\/p>\n","protected":false},"excerpt":{"rendered":"<p>Renovador, aclarante y protector.<\/p>\n","protected":false},"featured_media":2440,"comment_status":"open","ping_status":"closed","template":"","meta":[],"product_cat":[82],"product_tag":[],"class_list":{"0":"post-2271","1":"product","2":"type-product","3":"status-publish","4":"has-post-thumbnail","6":"product_cat-faciales","8":"first","9":"instock","10":"shipping-taxable","11":"purchasable","12":"product-type-simple"},"_links":{"self":[{"href":"https:\/\/esteticaema.com\/site\/wp-json\/wp\/v2\/product\/2271"}],"collection":[{"href":"https:\/\/esteticaema.com\/site\/wp-json\/wp\/v2\/product"}],"about":[{"href":"https:\/\/esteticaema.com\/site\/wp-json\/wp\/v2\/types\/product"}],"replies":[{"embeddable":true,"href":"https:\/\/esteticaema.com\/site\/wp-json\/wp\/v2\/comments?post=2271"}],"wp:featuredmedia":[{"embeddable":true,"href":"https:\/\/esteticaema.com\/site\/wp-json\/wp\/v2\/media\/2440"}],"wp:attachment":[{"href":"https:\/\/esteticaema.com\/site\/wp-json\/wp\/v2\/media?parent=2271"}],"wp:term":[{"taxonomy":"product_cat","embeddable":true,"href":"https:\/\/esteticaema.com\/site\/wp-json\/wp\/v2\/product_cat?post=2271"},{"taxonomy":"product_tag","embeddable":true,"href":"https:\/\/esteticaema.com\/site\/wp-json\/wp\/v2\/product_tag?post=2271"}],"curies":[{"name":"wp","href":"https:\/\/api.w.org\/{rel}","templated":true}]}}

<p>Renovador, aclarante y protector.</p>
<p><strong>Componentes:</strong><br />
Probiótico: lisado de bifidobacterias, incrementa la reparación celular y mejora la respuesta inmune.<br />
Prebiótico: inulina, estimula el crecimiento de las bacterias beneficiosas para la piel, inhibiendo el desarrollo de bacterias oportunistas.<br />
Aminoácidos de proteínas de yogurt: cumplen función antioxidante y estimulante de la síntesis de colágeno.<br />
Ácido láctico: aclara la piel y acelera la descamación del estrato córneo, estimulando su renovación.</p>
<p><strong>MODO DE USO:</strong><br />
Aplicar todas las noches sobre la piel limpia de la cara, papada, cuello y escote.</p>
