{"id":1389,"date":"2020-12-22T23:42:44","date_gmt":"2020-12-23T02:42:44","guid":{"rendered":"http:\/\/esteticaema.com\/site\/?page_id=1389"},"modified":"2022-03-14T17:49:37","modified_gmt":"2022-03-14T20:49:37","slug":"acido-hialuronico","status":"publish","type":"page","link":"https:\/\/esteticaema.com\/site\/faciales\/acido-hialuronico\/","title":{"rendered":"Reestructuraci\u00f3n y contorno facial con \u00e1cido hialur\u00f3nico: JUVEDERM\u00ae VYCROSS R\u00ae"},"content":{"rendered":"<p>[vc_section][vc_row equal_height=\u00bbyes\u00bb css=\u00bb.vc_custom_1609274046607{margin-right: 4% !important;margin-bottom: 60px !important;margin-left: 4% !important;}\u00bb][vc_column width=\u00bb2\/3&#8243;][vc_column_text]<\/p>\n<h4>Reestructuraci\u00f3n y contorno facial con \u00e1cido hialur\u00f3nico: JUVEDERM VYCROSS R<\/h4>\n<p><strong>\u00bfC\u00f3mo es el tratamiento?<\/strong><br \/>\nLa mesoterapia es una t\u00e9cnica de la medicina alternativa, creada en 1952 por un m\u00e9dico franc\u00e9s: Michel Pistor, cuyo prop\u00f3sito era tratar dolores cr\u00f3nicos. Con el pasar del tiempo se ampli\u00f3 su uso, siendo hoy un tratamiento sumamente eficaz en la medicina est\u00e9tica; tanto para tratamientos faciales, corporales y capilares.<br \/>\nLa t\u00e9cnica consiste en microinyecciones con una medicaci\u00f3n seleccionada por el profesional teniendo en cuenta la patolog\u00eda a tratar y el paciente. Las microinyecciones deben ser superficiales, m\u00faltiples y con poca dosis, para lograr un tratamiento eficaz!<\/p>\n<p><strong>\u00bfCada cu\u00e1nto se aplica?<\/strong><br \/>\nEl \u00e1cido hialur\u00fanico puede generar efecto hasta 2 a\u00f1os despu\u00e9s de aplicado. En muchas ocasiones ese mismo \u00e1cido genera est\u00edmulo y una mejor\u00eda en la calidad de la piel.<\/p>\n<p><strong>\u00bfCu\u00e1nto se aplica?<\/strong><br \/>\nLa cantidad a aplicar depende de cada paciente y del objetivo del tratamiento, se evaluar\u00e1 en la consulta.<\/p>\n<p><strong>\u00bfQueda la cara inflamada?<\/strong><br \/>\nPuede quedar una leve inflamaci\u00f3n posterior, la cual no impide las actividades cotidianas, en caso de presentar alguna molestia se puede tomar analg\u00e9sico o colocarse fr\u00edo.<\/p>\n<p><strong>\u00bfModifica las facciones naturales?<\/strong><br \/>\nEs la gran consulta que realizan los pacientes al momento de aplicar acido hialur\u00f3nico, y les recalcamos con seguridad que aplicamos la t\u00e9cnica de MD CODES, ya que es una t\u00e9cnica que busca armonizar el rostro, y evitar justamente la sensaci\u00f3n de \u201crelleno\u201d, es por eso que hoy se habla de armonizaci\u00f3n y reestructuraci\u00f3n facial y no de relleno![\/vc_column_text][vc_empty_space height=\u00bb35px\u00bb][vc_column_text css=\u00bb.vc_custom_1617023816832{padding-top: 30px !important;padding-right: 30px !important;padding-bottom: 30px !important;padding-left: 30px !important;background-color: #f2f2f2 !important;}\u00bb el_class=\u00bbbox-recomendaciones\u00bb]<\/p>\n<h3 style=\"font-weight: 300; margin-top: 0px; text-transform: uppercase; font-size: 25px !important;\">Recomendaciones para el Tratamiento<\/h3>\n<p>&#8211; Concurrir a la sesi\u00f3n con cara lavada.<br \/>\n&#8211; No maquillarse posterior a la sesi\u00f3n.<br \/>\n&#8211; El d\u00eda de la aplicaci\u00f3n no realizar actividad f\u00edsica ni ejercer presi\u00f3n en la zona donde se realiza la aplicaci\u00f3n.<br \/>\n&#8211; No tocarse la cara en las zonas aplicadas.<br \/>\n&#8211; Concurrir al consultorio los 15 d\u00edas para control de la aplicaci\u00f3n.[\/vc_column_text][vc_empty_space height=\u00bb35px\u00bb][\/vc_column][vc_column width=\u00bb1\/3&#8243; el_class=\u00bbimg-tratamiento\u00bb css=\u00bb.vc_custom_1609269255269{background-position: center !important;background-repeat: no-repeat !important;background-size: cover !important;}\u00bb][\/vc_column][\/vc_row][\/vc_section][vc_section][vc_row equal_height=\u00bbyes\u00bb content_placement=\u00bbmiddle\u00bb css=\u00bb.vc_custom_1616766282501{margin-right: 5% !important;margin-left: 5% !important;padding-top: 40px !important;padding-bottom: 40px !important;background-image: url(http:\/\/esteticaema.com\/site\/wp-content\/uploads\/2020\/12\/bg-form-tratamiento2.jpg?id=1753) !important;background-position: center !important;background-repeat: no-repeat !important;background-size: cover !important;}\u00bb][vc_column width=\u00bb1\/3&#8243;][vc_custom_heading text=\u00bbSolicit\u00e1 tu turno\u00bb font_container=\u00bbtag:h2|font_size:45px|text_align:center|color:%239f9386&#8243; use_theme_fonts=\u00bbyes\u00bb el_class=\u00bbtitulo-manuscrito\u00bb][vc_custom_heading text=\u00bbo m\u00e1s informaci\u00f3n\u00bb font_container=\u00bbtag:h2|font_size:30px|text_align:center|color:%239f9386&#8243; use_theme_fonts=\u00bbyes\u00bb][vc_custom_heading text=\u00bbpara este tratamiento\u00bb font_container=\u00bbtag:h2|font_size:45px|text_align:center|color:%239f9386&#8243; use_theme_fonts=\u00bbyes\u00bb el_class=\u00bbtitulo-manuscrito\u00bb css=\u00bb.vc_custom_1616765244469{margin-bottom: 30px !important;}\u00bb][\/vc_column][vc_column width=\u00bb2\/3&#8243;]\n<div class=\"wpcf7 no-js\" id=\"wpcf7-f2085-o1\" lang=\"es-ES\" dir=\"ltr\">\n<div class=\"screen-reader-response\"><p role=\"status\" aria-live=\"polite\" aria-atomic=\"true\"><\/p> <ul><\/ul><\/div>\n<form action=\"\/site\/wp-json\/wp\/v2\/pages\/1389#wpcf7-f2085-o1\" method=\"post\" class=\"wpcf7-form init\" aria-label=\"Formulario de contacto\" novalidate=\"novalidate\" data-status=\"init\">\n<div style=\"display: none;\">\n<input type=\"hidden\" name=\"_wpcf7\" value=\"2085\" \/>\n<input type=\"hidden\" name=\"_wpcf7_version\" value=\"5.9.7\" \/>\n<input type=\"hidden\" name=\"_wpcf7_locale\" value=\"es_ES\" \/>\n<input type=\"hidden\" name=\"_wpcf7_unit_tag\" value=\"wpcf7-f2085-o1\" \/>\n<input type=\"hidden\" name=\"_wpcf7_container_post\" value=\"0\" \/>\n<input type=\"hidden\" name=\"_wpcf7_posted_data_hash\" value=\"\" \/>\n<input type=\"hidden\" name=\"_wpcf7_recaptcha_response\" value=\"\" \/>\n<\/div>\n<div class=\"contact-light\">\n\t<div class=\"field grid\">\n\t\t<div class=\"field line\">\n\t\t\t<p><label>Deseo<\/label><br \/>\n<span class=\"wpcf7-form-control-wrap\" data-name=\"deseo\"><select class=\"wpcf7-form-control wpcf7-select\" aria-invalid=\"false\" name=\"deseo\"><option value=\"Que me contacten por tel\u00e9fono\">Que me contacten por tel\u00e9fono<\/option><option value=\"Que me env\u00eden un WhatsApp\">Que me env\u00eden un WhatsApp<\/option><option value=\"Que me respondan por e-mail\">Que me respondan por e-mail<\/option><\/select><\/span>\n\t\t\t<\/p>\n\t\t<\/div>\n\t\t<div class=\"field line\">\n\t\t\t<p><label>Me interesa<\/label><br \/>\n<span class=\"wpcf7-form-control-wrap\" data-name=\"interesa\"><select class=\"wpcf7-form-control wpcf7-select\" aria-invalid=\"false\" name=\"interesa\"><option value=\"Recibir m\u00e1s informaci\u00f3n sobre este tratamiento\">Recibir m\u00e1s informaci\u00f3n sobre este tratamiento<\/option><option value=\"Solicitar turno para este tratamiento\">Solicitar turno para este tratamiento<\/option><option value=\"Obtener asesoramiento personalizado\">Obtener asesoramiento personalizado<\/option><\/select><\/span>\n\t\t\t<\/p>\n\t\t<\/div>\n\t<\/div>\n\t<div style=\"height: 15px\">\n\t<\/div>\n\t<div class=\"field grid\">\n\t\t<div class=\"field\">\n\t\t\t<p><span class=\"wpcf7-form-control-wrap\" data-name=\"nombre\"><input size=\"40\" maxlength=\"400\" class=\"wpcf7-form-control wpcf7-text wpcf7-validates-as-required\" aria-required=\"true\" aria-invalid=\"false\" placeholder=\"* Tu Nombre Completo\" value=\"\" type=\"text\" name=\"nombre\" \/><\/span>\n\t\t\t<\/p>\n\t\t<\/div>\n\t\t<div class=\"field\">\n\t\t\t<p><span class=\"wpcf7-form-control-wrap\" data-name=\"email\"><input size=\"40\" maxlength=\"400\" class=\"wpcf7-form-control wpcf7-email wpcf7-validates-as-required wpcf7-text wpcf7-validates-as-email\" aria-required=\"true\" aria-invalid=\"false\" placeholder=\"* Tu Email\" value=\"\" type=\"email\" name=\"email\" \/><\/span>\n\t\t\t<\/p>\n\t\t<\/div>\n\t<\/div>\n\t<div class=\"field grid\">\n\t\t<div class=\"field\">\n\t\t\t<p><span class=\"wpcf7-form-control-wrap\" data-name=\"telefono\"><input size=\"40\" maxlength=\"400\" class=\"wpcf7-form-control wpcf7-tel wpcf7-validates-as-required wpcf7-text wpcf7-validates-as-tel\" aria-required=\"true\" aria-invalid=\"false\" placeholder=\"* Tel\u00e9fono de Contacto\" value=\"\" type=\"tel\" name=\"telefono\" \/><\/span>\n\t\t\t<\/p>\n\t\t<\/div>\n\t\t<div class=\"field\">\n\t\t\t<p><input class=\"wpcf7-form-control wpcf7-submit has-spinner\" type=\"submit\" value=\"Enviar Consulta\" \/>\n\t\t\t<\/p>\n\t\t<\/div>\n\t<\/div>\n<\/div><div class=\"wpcf7-response-output\" aria-hidden=\"true\"><\/div>\n<\/form>\n<\/div>\n[\/vc_column][\/vc_row][\/vc_section]<\/p>\n","protected":false},"excerpt":{"rendered":"<p>[vc_section][vc_row equal_height=\u00bbyes\u00bb css=\u00bb.vc_custom_1609274046607{margin-right: 4% !important;margin-bottom: 60px !important;margin-left: 4% !important;}\u00bb][vc_column width=\u00bb2\/3&#8243;][vc_column_text] Reestructuraci\u00f3n y contorno facial con \u00e1cido hialur\u00f3nico: JUVEDERM VYCROSS R \u00bfC\u00f3mo es el tratamiento? La mesoterapia es una t\u00e9cnica de la medicina alternativa, creada en 1952 por un m\u00e9dico franc\u00e9s: Michel Pistor, cuyo prop\u00f3sito era tratar dolores cr\u00f3nicos. Con el pasar del tiempo se ampli\u00f3 [&hellip;]<\/p>\n","protected":false},"author":2,"featured_media":0,"parent":1360,"menu_order":0,"comment_status":"closed","ping_status":"closed","template":"tmpl\/template-fullwidth.php","meta":{"footnotes":""},"class_list":["post-1389","page","type-page","status-publish","hentry"],"_links":{"self":[{"href":"https:\/\/esteticaema.com\/site\/wp-json\/wp\/v2\/pages\/1389"}],"collection":[{"href":"https:\/\/esteticaema.com\/site\/wp-json\/wp\/v2\/pages"}],"about":[{"href":"https:\/\/esteticaema.com\/site\/wp-json\/wp\/v2\/types\/page"}],"author":[{"embeddable":true,"href":"https:\/\/esteticaema.com\/site\/wp-json\/wp\/v2\/users\/2"}],"replies":[{"embeddable":true,"href":"https:\/\/esteticaema.com\/site\/wp-json\/wp\/v2\/comments?post=1389"}],"version-history":[{"count":8,"href":"https:\/\/esteticaema.com\/site\/wp-json\/wp\/v2\/pages\/1389\/revisions"}],"predecessor-version":[{"id":2182,"href":"https:\/\/esteticaema.com\/site\/wp-json\/wp\/v2\/pages\/1389\/revisions\/2182"}],"up":[{"embeddable":true,"href":"https:\/\/esteticaema.com\/site\/wp-json\/wp\/v2\/pages\/1360"}],"wp:attachment":[{"href":"https:\/\/esteticaema.com\/site\/wp-json\/wp\/v2\/media?parent=1389"}],"curies":[{"name":"wp","href":"https:\/\/api.w.org\/{rel}","templated":true}]}}