{"id":1255,"date":"2020-12-22T11:03:47","date_gmt":"2020-12-22T14:03:47","guid":{"rendered":"http:\/\/esteticaema.com\/site\/?page_id=1255"},"modified":"2021-03-30T11:28:16","modified_gmt":"2021-03-30T14:28:16","slug":"testimonios","status":"publish","type":"page","link":"https:\/\/esteticaema.com\/site\/testimonios\/","title":{"rendered":"Testimonios"},"content":{"rendered":"<p>[vc_section el_id=\u00bbtestimonials\u00bb css=\u00bb.vc_custom_1608780123877{padding-top: 40px !important;}\u00bb][vc_row][vc_column][vc_custom_heading text=\u00bbTestimonios reales\u00bb font_container=\u00bbtag:h2|font_size:56px|text_align:center|line_height:60px\u00bb use_theme_fonts=\u00bbyes\u00bb el_class=\u00bbtitulo-manuscrito\u00bb][vc_empty_space height=\u00bb15px\u00bb][vc_custom_heading text=\u00bbQue nos comprometen a seguir brind\u00e1ndoles lo mejor.\u00bb font_container=\u00bbtag:p|font_size:18px|text_align:center|color:%237f7f7f|line_height:21px\u00bb use_theme_fonts=\u00bbyes\u00bb][vc_empty_space height=\u00bb60px\u00bb][\/vc_column][\/vc_row][vc_row][vc_column width=\u00bb1\/6&#8243;][\/vc_column][vc_column width=\u00bb2\/3&#8243;]\n\t<div class=\"testimonial  has-image\">\n\t\t<div class=\"testimonial-content\">\n\t\t\t<blockquote>\n\t\t\t\t<p>Acompa\u00f1\u00e9 a mi madre a hacerse un tratamiento en el rostro y todo fue perfecto, desde la recepci\u00f3n hasta la salida, tanto la atenci\u00f3n humana como la profesional fue del m\u00e1s alto nivel. Los precios son accesibles y sobre todo cabe destacar que en un negocio como la est\u00e9tica donde el lucro suele estar muy presente, en \u00e9ste lugar est\u00e1 lejos de ser as\u00ed. Recomiendo este lugar a todos los que quieren tratar su est\u00e9tica.<\/p>\n\t\t\t<\/blockquote>\n\t\t<\/div>\n\t\t<div class=\"testimonial-meta\">\n\t\t\t\n\t\t<div class=\"testimonial-image\">\n\t\t\t<img decoding=\"async\" src=\"https:\/\/esteticaema.com\/site\/wp-content\/uploads\/2020\/12\/001-user.png\" alt=\"DAVID FABIAN BAUDUCCO\" \/>\n\t\t<\/div>\n\t\t\t\t<div class=\"testimonial-author\">\n\t\t\t\t<strong class=\"author-name\">DAVID FABIAN BAUDUCCO<\/strong>\n\t\t\t\t<div class=\"author-info\"><span class=\"subtitle\">Opini\u00f3n de Google<\/span><\/div>\n\t\t\t<\/div>\n\t\t<\/div>\n\t<\/div>\n[vc_separator css=\u00bb.vc_custom_1581325473650{padding-top: 45px !important;padding-bottom: 45px !important;}\u00bb]\n\t<div class=\"testimonial  has-image\">\n\t\t<div class=\"testimonial-content\">\n\t\t\t<blockquote>\n\t\t\t\t<p>Excelente trato y lo m\u00e1s importante atendido por m\u00e9dicas especialistas en cada una de los tratamientos que ofrecen. \u00a1Soy paciente hace a\u00f1os! Las s\u00faper recomiendo.<\/p>\n\t\t\t<\/blockquote>\n\t\t<\/div>\n\t\t<div class=\"testimonial-meta\">\n\t\t\t\n\t\t<div class=\"testimonial-image\">\n\t\t\t<img decoding=\"async\" src=\"https:\/\/esteticaema.com\/site\/wp-content\/uploads\/2020\/12\/001-user.png\" alt=\"SOLE SANMARTIN\" \/>\n\t\t<\/div>\n\t\t\t\t<div class=\"testimonial-author\">\n\t\t\t\t<strong class=\"author-name\">SOLE SANMARTIN<\/strong>\n\t\t\t\t<div class=\"author-info\"><span class=\"subtitle\">Opini\u00f3n de Google<\/span><\/div>\n\t\t\t<\/div>\n\t\t<\/div>\n\t<\/div>\n[vc_separator css=\u00bb.vc_custom_1581325473650{padding-top: 45px !important;padding-bottom: 45px !important;}\u00bb]\n\t<div class=\"testimonial  has-image\">\n\t\t<div class=\"testimonial-content\">\n\t\t\t<blockquote>\n\t\t\t\t<p>Super profesionales!!!!! Con los mejores consejos y equipos para cuidarnos en cada epoca del a\u00f1o!!!<\/p>\n\t\t\t<\/blockquote>\n\t\t<\/div>\n\t\t<div class=\"testimonial-meta\">\n\t\t\t\n\t\t<div class=\"testimonial-image\">\n\t\t\t<img decoding=\"async\" src=\"https:\/\/esteticaema.com\/site\/wp-content\/uploads\/2020\/12\/001-user.png\" alt=\"MARIANA GAGGIOLI\" \/>\n\t\t<\/div>\n\t\t\t\t<div class=\"testimonial-author\">\n\t\t\t\t<strong class=\"author-name\">MARIANA GAGGIOLI<\/strong>\n\t\t\t\t<div class=\"author-info\"><span class=\"subtitle\">Opini\u00f3n de Google<\/span><\/div>\n\t\t\t<\/div>\n\t\t<\/div>\n\t<\/div>\n[vc_separator css=\u00bb.vc_custom_1581325473650{padding-top: 45px !important;padding-bottom: 45px !important;}\u00bb]\n\t<div class=\"testimonial  has-image\">\n\t\t<div class=\"testimonial-content\">\n\t\t\t<blockquote>\n\t\t\t\t<p>Excelente!!!!! Me sent\u00ed super c\u00f3moda con Milagros en mi primer sesi\u00f3n de depilaci\u00f3n.<br \/>\nR\u00e1pido. efectivo y no duele!!!<\/p>\n\t\t\t<\/blockquote>\n\t\t<\/div>\n\t\t<div class=\"testimonial-meta\">\n\t\t\t\n\t\t<div class=\"testimonial-image\">\n\t\t\t<img decoding=\"async\" src=\"https:\/\/esteticaema.com\/site\/wp-content\/uploads\/2020\/12\/001-user.png\" alt=\"ANAH\u00cd\" \/>\n\t\t<\/div>\n\t\t\t\t<div class=\"testimonial-author\">\n\t\t\t\t<strong class=\"author-name\">ANAH\u00cd<\/strong>\n\t\t\t\t<div class=\"author-info\"><span class=\"subtitle\">Mensaje directo Instagram<\/span><\/div>\n\t\t\t<\/div>\n\t\t<\/div>\n\t<\/div>\n[vc_separator css=\u00bb.vc_custom_1581325473650{padding-top: 45px !important;padding-bottom: 45px !important;}\u00bb][\/vc_column][vc_column width=\u00bb1\/6&#8243;][\/vc_column][\/vc_row][\/vc_section]<\/p>\n","protected":false},"excerpt":{"rendered":"<p>[vc_section el_id=\u00bbtestimonials\u00bb css=\u00bb.vc_custom_1608780123877{padding-top: 40px !important;}\u00bb][vc_row][vc_column][vc_custom_heading text=\u00bbTestimonios reales\u00bb font_container=\u00bbtag:h2|font_size:56px|text_align:center|line_height:60px\u00bb use_theme_fonts=\u00bbyes\u00bb el_class=\u00bbtitulo-manuscrito\u00bb][vc_empty_space height=\u00bb15px\u00bb][vc_custom_heading text=\u00bbQue nos comprometen a seguir brind\u00e1ndoles lo mejor.\u00bb font_container=\u00bbtag:p|font_size:18px|text_align:center|color:%237f7f7f|line_height:21px\u00bb use_theme_fonts=\u00bbyes\u00bb][vc_empty_space height=\u00bb60px\u00bb][\/vc_column][\/vc_row][vc_row][vc_column width=\u00bb1\/6&#8243;][\/vc_column][vc_column width=\u00bb2\/3&#8243;][vc_separator css=\u00bb.vc_custom_1581325473650{padding-top: 45px !important;padding-bottom: 45px !important;}\u00bb][vc_separator css=\u00bb.vc_custom_1581325473650{padding-top: 45px !important;padding-bottom: 45px !important;}\u00bb][vc_separator css=\u00bb.vc_custom_1581325473650{padding-top: 45px !important;padding-bottom: 45px !important;}\u00bb][vc_separator css=\u00bb.vc_custom_1581325473650{padding-top: 45px !important;padding-bottom: 45px !important;}\u00bb][\/vc_column][vc_column width=\u00bb1\/6&#8243;][\/vc_column][\/vc_row][\/vc_section]<\/p>\n","protected":false},"author":2,"featured_media":0,"parent":0,"menu_order":0,"comment_status":"closed","ping_status":"closed","template":"tmpl\/template-fullwidth.php","meta":{"footnotes":""},"class_list":["post-1255","page","type-page","status-publish","hentry"],"_links":{"self":[{"href":"https:\/\/esteticaema.com\/site\/wp-json\/wp\/v2\/pages\/1255"}],"collection":[{"href":"https:\/\/esteticaema.com\/site\/wp-json\/wp\/v2\/pages"}],"about":[{"href":"https:\/\/esteticaema.com\/site\/wp-json\/wp\/v2\/types\/page"}],"author":[{"embeddable":true,"href":"https:\/\/esteticaema.com\/site\/wp-json\/wp\/v2\/users\/2"}],"replies":[{"embeddable":true,"href":"https:\/\/esteticaema.com\/site\/wp-json\/wp\/v2\/comments?post=1255"}],"version-history":[{"count":12,"href":"https:\/\/esteticaema.com\/site\/wp-json\/wp\/v2\/pages\/1255\/revisions"}],"predecessor-version":[{"id":2368,"href":"https:\/\/esteticaema.com\/site\/wp-json\/wp\/v2\/pages\/1255\/revisions\/2368"}],"wp:attachment":[{"href":"https:\/\/esteticaema.com\/site\/wp-json\/wp\/v2\/media?parent=1255"}],"curies":[{"name":"wp","href":"https:\/\/api.w.org\/{rel}","templated":true}]}}